{"id":586,"date":"2019-11-25T07:29:52","date_gmt":"2019-11-25T07:29:52","guid":{"rendered":"https:\/\/demo.codevibrant.com\/mismo\/?page_id=586"},"modified":"2024-08-26T10:10:42","modified_gmt":"2024-08-26T13:10:42","slug":"quienes","status":"publish","type":"page","link":"https:\/\/genesisincubadora.com.ar\/economia\/quienes\/","title":{"rendered":"Quienes somos"},"content":{"rendered":"<p>Somos &#8220;G\u00e9nesis Incubadora de Empresas&#8221;, pertenecemos a la Subsecretar\u00eda de Desarrollo Econ\u00f3mico de la Municipalidad de San Rafael.<\/p>\n<p><img loading=\"lazy\" decoding=\"async\" class=\"alignnone size-full wp-image-632 aligncenter\" src=\"http:\/\/genesisincubadora.com.ar\/economia\/wp-content\/uploads\/2020\/05\/muni.jpg\" alt=\"\" width=\"250\" height=\"116\" \/><\/p>\n<p>Desde la Incubadora colaboramos para ayudar al emprendedor a cumplir sus sue\u00f1os, organizando una agenda de capacitaciones, brindando asesoramiento t\u00e9cnico integral, la presentaci\u00f3n de los proyectos ante entidades de financiamiento, el dise\u00f1o de un plan de negocios de acuerdo a las exigencias del emprendimiento, brind\u00e1ndoles un espacio f\u00edsico para poder acceder a las herramientas inform\u00e1ticas necesarias para el desarrollo de tareas (internet, email, redes sociales, planillas de c\u00e1lculo, procesadores de texto, presentaciones, scaneos, impresiones, etc.).<strong>\u00a0<\/strong><\/p>\n<table style=\"border-collapse: collapse; width: 95.0303%; height: 256px;\">\n<tbody>\n<tr style=\"height: 150px;\">\n<td style=\"width: 25%; height: 150px;\"><img loading=\"lazy\" decoding=\"async\" class=\"alignnone size-full wp-image-3970 aligncenter\" src=\"https:\/\/genesisincubadora.com.ar\/economia\/wp-content\/uploads\/2024\/08\/nahuel-2.jpg\" alt=\"\" width=\"150\" height=\"150\" srcset=\"https:\/\/genesisincubadora.com.ar\/economia\/wp-content\/uploads\/2024\/08\/nahuel-2.jpg 150w, https:\/\/genesisincubadora.com.ar\/economia\/wp-content\/uploads\/2024\/08\/nahuel-2-64x64.jpg 64w\" sizes=\"auto, (max-width: 150px) 100vw, 150px\" \/><\/td>\n<td style=\"width: 25%; height: 150px;\"><img loading=\"lazy\" decoding=\"async\" class=\"alignnone size-full wp-image-655 aligncenter\" src=\"https:\/\/genesisincubadora.com.ar\/economia\/wp-content\/uploads\/2020\/06\/karen.jpg\" alt=\"\" width=\"150\" height=\"150\" \/><\/td>\n<td style=\"width: 25%; height: 150px;\"><img loading=\"lazy\" decoding=\"async\" class=\"alignnone size-full wp-image-2138 aligncenter\" src=\"https:\/\/genesisincubadora.com.ar\/economia\/wp-content\/uploads\/2021\/11\/luis2.jpg\" alt=\"\" width=\"150\" height=\"150\" \/><\/td>\n<td style=\"width: 19.9402%; height: 150px;\"><img loading=\"lazy\" decoding=\"async\" class=\"size-full wp-image-660 aligncenter\" src=\"https:\/\/genesisincubadora.com.ar\/economia\/wp-content\/uploads\/2020\/06\/elva.jpg\" alt=\"\" width=\"150\" height=\"150\" \/><\/td>\n<\/tr>\n<tr style=\"height: 106px;\">\n<td style=\"width: 25%; text-align: center; height: 106px;\"><span style=\"color: #000000;\"><a style=\"color: #000000;\" href=\"mailto:nahuel.lopez@genesisincubadora.com.ar\">Nahuel L\u00f3pez<\/a><\/span><br \/>\n<span style=\"color: #ff00ff;\">Coordinador<\/span><br \/>\n<span style=\"color: #ff00ff;\">de Emprendimientos Productivos<\/span><\/td>\n<td style=\"width: 25%; text-align: center; height: 106px;\"><span style=\"color: #000000;\"><a style=\"color: #000000;\" href=\"http:\/\/mailto;karen@genesisincubadora.com.ar\">Karen F\u00e9lix<\/a><\/span><br \/>\n<span style=\"color: #ff00ff;\">Secretaria<\/span><\/td>\n<td style=\"width: 25%; height: 106px;\">\n<p style=\"text-align: center;\"><a href=\"mailto:luis@genesisincubadora.com.ar\"><span style=\"color: #000000;\">Luis Salas<\/span><\/a><br \/>\n<span style=\"color: #ff00ff;\">Marketing<\/span><\/p>\n<p>&nbsp;<\/td>\n<td style=\"width: 19.9402%; text-align: center; height: 106px;\"><span style=\"color: #000000;\">Elva Giambatista<\/span><br \/>\n<span style=\"color: #ff00ff;\">Sala de Miel<\/span><\/td>\n<\/tr>\n<\/tbody>\n<\/table>\n<p><img loading=\"lazy\" decoding=\"async\" class=\"alignnone size-full wp-image-802\" src=\"http:\/\/genesisincubadora.com.ar\/economia\/wp-content\/uploads\/2020\/06\/sarmiento.jpg\" alt=\"\" width=\"800\" height=\"349\" srcset=\"https:\/\/genesisincubadora.com.ar\/economia\/wp-content\/uploads\/2020\/06\/sarmiento.jpg 800w, https:\/\/genesisincubadora.com.ar\/economia\/wp-content\/uploads\/2020\/06\/sarmiento-300x131.jpg 300w, https:\/\/genesisincubadora.com.ar\/economia\/wp-content\/uploads\/2020\/06\/sarmiento-768x335.jpg 768w\" sizes=\"auto, (max-width: 800px) 100vw, 800px\" \/><\/p>\n","protected":false},"excerpt":{"rendered":"<p>Somos &ldquo;G&eacute;nesis Incubadora de Empresas&rdquo;, pertenecemos a la Subsecretar&iacute;a de Desarrollo Econ&oacute;mico de la Municipalidad de San Rafael. Desde la Incubadora colaboramos para ayudar al emprendedor a cumplir sus sue&ntilde;os, organizando una agenda de capacitaciones, brindando asesoramiento t&eacute;cnico integral, la presentaci&oacute;n de los proyectos ante entidades de financiamiento, el dise&ntilde;o de un plan de negocios [&hellip;]<\/p>\n","protected":false},"author":1,"featured_media":0,"parent":0,"menu_order":0,"comment_status":"closed","ping_status":"closed","template":"","meta":{"footnotes":""},"class_list":["post-586","page","type-page","status-publish","hentry"],"_links":{"self":[{"href":"https:\/\/genesisincubadora.com.ar\/economia\/wp-json\/wp\/v2\/pages\/586","targetHints":{"allow":["GET"]}}],"collection":[{"href":"https:\/\/genesisincubadora.com.ar\/economia\/wp-json\/wp\/v2\/pages"}],"about":[{"href":"https:\/\/genesisincubadora.com.ar\/economia\/wp-json\/wp\/v2\/types\/page"}],"author":[{"embeddable":true,"href":"https:\/\/genesisincubadora.com.ar\/economia\/wp-json\/wp\/v2\/users\/1"}],"replies":[{"embeddable":true,"href":"https:\/\/genesisincubadora.com.ar\/economia\/wp-json\/wp\/v2\/comments?post=586"}],"version-history":[{"count":27,"href":"https:\/\/genesisincubadora.com.ar\/economia\/wp-json\/wp\/v2\/pages\/586\/revisions"}],"predecessor-version":[{"id":3976,"href":"https:\/\/genesisincubadora.com.ar\/economia\/wp-json\/wp\/v2\/pages\/586\/revisions\/3976"}],"wp:attachment":[{"href":"https:\/\/genesisincubadora.com.ar\/economia\/wp-json\/wp\/v2\/media?parent=586"}],"curies":[{"name":"wp","href":"https:\/\/api.w.org\/{rel}","templated":true}]}}