{"id":648,"date":"2020-05-29T10:15:51","date_gmt":"2020-05-29T13:15:51","guid":{"rendered":"http:\/\/genesisincubadora.com.ar\/economia\/?page_id=648"},"modified":"2020-06-04T09:29:44","modified_gmt":"2020-06-04T12:29:44","slug":"planificacion","status":"publish","type":"page","link":"https:\/\/genesisincubadora.com.ar\/economia\/planificacion\/","title":{"rendered":"Planificaci\u00f3n"},"content":{"rendered":"<p><span style=\"color: #ff00ff;\"><strong>Objetivos<\/strong><\/span><\/p>\n<p>\u2022 Impulsar, incentivar, formar, y desarrollar emprendedores que tienen emprendimientos y\/o nuevas ideas de proyectos innovadores.<br \/>\n\u2022 Promover el crecimiento definido como micro emprendimientos \u2013 MiPymes \u2013 Pymes \u2013 productivos cuyo objetivo ser\u00e1 el crecimiento, evoluci\u00f3n y desarrollo de la econom\u00eda social.<br \/>\n\u2022 Promover el desarrollo econ\u00f3mico generalmente tiene por objetivo la creaci\u00f3n de trabajo, reducci\u00f3n de la pobreza, la estabilidad econ\u00f3mica, auto consumo, sustentabilidad econ\u00f3mica, creaci\u00f3n, de la riqueza y promoci\u00f3n de la comercializaci\u00f3n en el mercado interno y externo.<\/p>\n<p><span style=\"color: #ff00ff;\"><strong>Misi\u00f3n<\/strong><\/span><\/p>\n<p>Este equipo esta dedicado a ofrecer la capacitaci\u00f3n el acompa\u00f1amiento y buscar soluciones que necesitas para crear o desarrollar t\u00fa emprendimiento y fortalecer los que est\u00e1n en funcionamiento.<\/p>\n<p><strong>\u00a0<span style=\"color: #ff00ff;\">Visi\u00f3n<\/span><\/strong><\/p>\n<p>Brindar un crecimiento sostenido, con soporte, ofreciendo servicios que resulten en la superaci\u00f3n personal y econ\u00f3mica de los emprendedores.<\/p>\n<p><strong><span style=\"color: #ff00ff;\">Valores<\/span><br \/>\n<\/strong><br \/>\nFomentamos la construcci\u00f3n y consolidaci\u00f3n del Esp\u00edritu Emprendedor, cultura del trabajo.<br \/>\nConfianza: Nuestro trabajo se enmarca en el profesionalismo, la honestidad el que garantiza la credibilidad y el manejo \u00e9tico de la informaci\u00f3n y en la adecuada prestaci\u00f3n de servicios a toda persona emprendedora que requiera.<\/p>\n<p><strong>Excelencia en el servicio<\/strong><\/p>\n<p>Brindamos trato especial, personalizado y amable, creando relaciones de calidad con los emprendedores y redes de apoyo.<\/p>\n<p><strong>Responsabilidad<\/strong><\/p>\n<p>Aportamos al desarrollo econ\u00f3mico social del Departamento, Regi\u00f3n, Provincia, a partir de la formaci\u00f3n, extensi\u00f3n e investigaci\u00f3n en el desarrollo de unidades de productiva de negocios, ajustadas a las condiciones y necesidades de los emprendedores de Peque\u00f1a y Mediana Empresas, y la sociedad en general.<\/p>\n<p><strong>Esp\u00edritu Emprendedor<\/strong><\/p>\n<p>Estamos convencidos de la promoci\u00f3n de la autonom\u00eda la interacci\u00f3n interdisciplinaria, la persistencia en el trabajo y la actitud proactiva de los emprendedores, as\u00ed como de nuestro grupo t\u00e9cnico para lograr beneficios individuales.<\/p>\n","protected":false},"excerpt":{"rendered":"<p>Objetivos &bull; Impulsar, incentivar, formar, y desarrollar emprendedores que tienen emprendimientos y\/o nuevas ideas de proyectos innovadores. &bull; Promover el crecimiento definido como micro emprendimientos &ndash; MiPymes &ndash; Pymes &ndash; productivos cuyo objetivo ser&aacute; el crecimiento, evoluci&oacute;n y desarrollo de la econom&iacute;a social. &bull; Promover el desarrollo econ&oacute;mico generalmente tiene por objetivo la creaci&oacute;n de [&hellip;]<\/p>\n","protected":false},"author":1,"featured_media":0,"parent":0,"menu_order":0,"comment_status":"closed","ping_status":"closed","template":"","meta":{"footnotes":""},"class_list":["post-648","page","type-page","status-publish","hentry"],"_links":{"self":[{"href":"https:\/\/genesisincubadora.com.ar\/economia\/wp-json\/wp\/v2\/pages\/648","targetHints":{"allow":["GET"]}}],"collection":[{"href":"https:\/\/genesisincubadora.com.ar\/economia\/wp-json\/wp\/v2\/pages"}],"about":[{"href":"https:\/\/genesisincubadora.com.ar\/economia\/wp-json\/wp\/v2\/types\/page"}],"author":[{"embeddable":true,"href":"https:\/\/genesisincubadora.com.ar\/economia\/wp-json\/wp\/v2\/users\/1"}],"replies":[{"embeddable":true,"href":"https:\/\/genesisincubadora.com.ar\/economia\/wp-json\/wp\/v2\/comments?post=648"}],"version-history":[{"count":3,"href":"https:\/\/genesisincubadora.com.ar\/economia\/wp-json\/wp\/v2\/pages\/648\/revisions"}],"predecessor-version":[{"id":796,"href":"https:\/\/genesisincubadora.com.ar\/economia\/wp-json\/wp\/v2\/pages\/648\/revisions\/796"}],"wp:attachment":[{"href":"https:\/\/genesisincubadora.com.ar\/economia\/wp-json\/wp\/v2\/media?parent=648"}],"curies":[{"name":"wp","href":"https:\/\/api.w.org\/{rel}","templated":true}]}}